?
7
What is the ten millions digit of 37355521?
3
What is the thousands digit of 806103?
6
What is the hundreds digit of 3554874?
8
What is the hundred thousands digit of 717745?
7
What is the units digit of 1406745?
5
What is the units digit of 3046240?
0
What is the tens digit of 4279980?
8
What is the ten thousands digit of 16934107?
3
What is the hundred thousands digit of 399978?
3
What is the thousands digit of 8459503?
9
What is the ten thousands digit of 604810?
0
What is the ten thousands digit of 257072?
5
What is the hundred thousands digit of 33008780?
0
What is the hundred thousands digit of 820925?
8
What is the tens digit of 193687?
8
What is the ten thousands digit of 180436?
8
What is the units digit of 223378?
8
What is the units digit of 9105793?
3
What is the hundreds digit of 9782679?
6
What is the ten thousands digit of 260339?
6
What is the ten thousands digit of 148981?
4
What is the hundred thousands digit of 273235?
2
What is the hundreds digit of 190220?
2
What is the hundreds digit of 2088170?
1
What is the hundred thousands digit of 2752421?
7
What is the ten thousands digit of 269180?
6
What is the tens digit of 2199913?
1
What is the hundreds digit of 475452?
4
What is the thousands digit of 3875623?
5
What is the hundreds digit of 1781503?
5
What is the hundred thousands digit of 2910641?
9
What is the hundreds digit of 973630?
6
What is the ten thousands digit of 377348?
7
What is the ten thousands digit of 386523?
8
What is the thousands digit of 7154186?
4
What is the tens digit of 14566542?
4
What is the ten thousands digit of 319577?
1
What is the tens digit of 106262?
6
What is the units digit of 6919132?
2
What is the units digit of 8682858?
8
What is the hundred thousands digit of 965207?
9
What is the units digit of 231171?
1
What is the tens digit of 10503929?
2
What is the hundreds digit of 1089245?
2
What is the units digit of 2673429?
9
What is the millions digit of 17399150?
7
What is the millions digit of 3158274?
3
What is the units digit of 174675?
5
What is the hundred thousands digit of 1746646?
7
What is the millions digit of 2188888?
2
What is the millions digit of 4270584?
4
What is the hundred thousands digit of 3714814?
7
What is the hundreds digit of 1187062?
0
What is the thousands digit of 8819161?
9
What is the units digit of 159192?
2
What is the ten thousands digit of 142740?
4
What is the ten thousands digit of 695844?
9
What is the millions digit of 11167074?
1
What is the thousands digit of 230511?
0
What is the thousands digit of 96998?
6
What is the units digit of 4045789?
9
What is the ten thousands digit of 31532?
3
What is the hundreds digit of 6733840?
8
What is the units digit of 2881961?
1
What is the hundreds digit of 315319?
3
What is the ten thousands digit of 4702266?
0
What is the millions digit of 17969522?
7
What is the hundred thousands digit of 31628724?
6
What is the millions digit of 4013141?
4
What is the units digit of 17012498?
8
What is the ten thousands digit of 5126943?
2
What is the tens digit of 4491072?
7
What is the hundred thousands digit of 1204498?
2
What is the hundred thousands digit of 10445261?
4
What is the ten thousands digit of 239240?
3
What is the millions digit of 6554789?
6
What is the units digit of 101660?
0
What is the hundred thousands digit of 268450?
2
What is the tens digit of 25532813?
1
What is the hundreds digit of 6687050?
0
What is the hundreds digit of 2731312?
3
What is the units digit of 5795?
5
What is the hundred thousands digit of 204771?
2
What is the tens digit of 140771?
7
What is the units digit of 4705331?
1
What is the ten thousands digit of 720585?
2
What is the hundred thousands digit of 9699442?
6
What is the hundreds digit of 4939770?
7
What is the hundreds digit of 1986721?
7
What is the units digit of 2632733?
3
What is the ten thousands digit of 6206206?
0
What is the tens digit of 2337970?
7
What is the hundred thousands digit of 8905171?
9
What is the ten thousands digit of 12273528?
7
What is the hundred thousands digit of 15947603?
9
What is the hundred thousands digit of 5188754?
1
What is the tens digit of 4202577?
7
What is the tens digit of 14618625?
2
What is the thousands digit of 860103?
0
What is the tens digit of 305445?
4
What is the units digit of 15968175?
5
What is the ten thousands digit of 4780265?
8
What is the ten thousands digit of 2031920?
3
What is the ten thousands digit of 6674350?
7
What is the ten thousands digit of 743520?
4
What is the tens digit of 412737?
3
What is the thousands digit of 1022785?
2
What is the tens digit of 139636?
3
What is the ten millions digit of 33705561?
3
What is the hundred thousands digit of 12463207?
4
What is the tens digit of 222844?
4
What is the units digit of 5213074?
4
What is the units digit of 2054177?
7
What is the units digit of 724211?
1
What is the ten thousands digit of 2918325?
1
What is the hundreds digit of 1843394?
3
What is the ten thousands digit of 1999299?
9
What is the millions digit of 3951247?
3
What is the tens digit of 6725?
2
What is the ten thousands digit of 4429974?
2
What is the hundreds digit of 895197?
1
What is the hundred thousands digit of 2299618?
2
What is the hundred thousands digit of 4698087?
6
What is the millions digit of 3153579?
3
What is the hundreds digit of 1740410?
4
What is the ten thousands digit of 152473?
5
What is the units digit of 35873837?
7
What is the ten thousands digit of 17672558?
7
What is the tens digit of 11551352?
5
What is the units digit of 191814?
4
What is the units digit of 140503?
3
What is the thousands digit of 20200?
0
What is the ten thousands digit of 1057821?
5
What is the units digit of 773759?
9
What is the millions digit of 12580933?
2
What is the units digit of 218132?
2
What is the units digit of 123976?
6
What is the hundred thousands digit of 1617846?
6
What is the units digit of 175309?
9
What is the thousands digit of 6200?
6
What is the thousands digit of 195651?
5
What is the hundred thousands digit of 113906?
1
What is the hundred thousands digit of 280975?
2
What is the hundred thousands digit of 2965157?
9
What is the tens digit of 27503247?
4
What is the hundred thousands digit of 1110928?
1
What is the ten thousands digit of 5678322?
7
What is the units digit of 850948?
8
What is the hundred thousands digit of 635249?
6
What is the hundreds digit of 24094?
0
What is the ten thousands digit of 1953136?
5
What is the ten thousands digit of 255285?
5
What is the thousands digit of 23143053?
3
What is the hundreds digit of 10303095?
0
What is the units digit of 13622770?
0
What is the hundreds digit of 6823753?
7
What is the millions digit of 4155539?
4
What is the millions digit of 1787425?
1
What is the hundreds digit of 496066?
0
What is the hundreds digit of 78100?
1
What is the units digit of 323775?
5
What is the tens digit of 183250?
5
What is the tens digit of 213819?
1
What is the thousands digit of 945245?
5
What is the ten thousands digit of 316230?
1
What is the units digit of 274781?
1
What is the hundreds digit of 679936?
9
What is the ten thousands digit of 322175?
2
What is the tens digit of 1498906?
0
What is the hundred thousands digit of 464926?
4
What is the hundred thousands digit of 290357?
2
What is the thousands digit of 995200?
5
What is the thousands digit of 25751016?
1
What is the units digit of 402436?
6
What is the thousands digit of 3159974?
9
What is the thousands digit of 3279716?
9
What is the hundred thousands digit of 148930?
1
What is the thousands digit of 129498?
9
What is the ten millions digit of 15485747?
1
What is the thousands digit of 16021187?
1
What is the tens digit of 231279?
7
What is the tens digit of 1219476?
7
What is the ten thousands digit of 951958?
5
What is the thousands digit of 497671?
7
What is the hundred thousands digit of 466577?
4
What is the hundred thousands digit of 395799?
3
What is the hundred thousands digit of 4465704?
4
What is the tens digit of 473877?
7
What is the tens digit of 675155?
5
What is the hundreds digit of 652427?
4
What is the hundreds digit of 125642?
6
What is the thousands digit of 3722762?
2
What is the ten thousands digit of 32886?
3
What is the hundred thousands d